{"id":31,"date":"2018-05-21T17:03:24","date_gmt":"2018-05-21T17:03:24","guid":{"rendered":"http:\/\/chorjugend-dietenhofen.de\/?page_id=31"},"modified":"2021-04-06T06:03:24","modified_gmt":"2021-04-06T06:03:24","slug":"young-voices","status":"publish","type":"page","link":"https:\/\/chorjugend-dietenhofen.de\/?page_id=31","title":{"rendered":"Young Voices"},"content":{"rendered":"<h4 class=\"textbox\" dir=\"ltr\">Gegr\u00fcndet: 1998<\/h4>\n<h4 class=\"textbox\" dir=\"ltr\">Hier ist das Singen ab dem 14. Lebensjahr m\u00f6glich.<\/h4>\n<h4 class=\"textbox\" dir=\"ltr\">Probezeiten: Altes Schloss Dietenhofen, Montag von 19.00 -21.00 Uhr<\/h4>\n<h4 class=\"textbox\" dir=\"ltr\">Chorleitung: Veronika Kwapil<\/h4>\n<h4 class=\"textbox\" dir=\"ltr\">Repertoire:<\/h4>\n<h4 dir=\"ltr\">Die Young Voices \u00fcberzeugen seit vielen Jahren mit einer gro\u00dfen Bandbreite aus verschiedensten Musikrichtungen. Rhythmische, als auch mehrstimmige Herausforderungen stehen bei ihnen im Vordergrund. Neben einer mitrei\u00dfenden B\u00fchnenshow und energiegeladenen Choreographien zeichnet die Young Voices ein Teamgeist aus, der Voraussetzung f\u00fcr jeden Erfolg ist.<\/h4>\n","protected":false},"excerpt":{"rendered":"<p>Gegr\u00fcndet: 1998 Hier ist das Singen ab dem 14. Lebensjahr m\u00f6glich. Probezeiten: Altes Schloss Dietenhofen, Montag von 19.00 -21.00 Uhr Chorleitung: Veronika Kwapil Repertoire: Die Young Voices \u00fcberzeugen seit vielen [&hellip;]<\/p>\n","protected":false},"author":6,"featured_media":66,"parent":24,"menu_order":0,"comment_status":"closed","ping_status":"closed","template":"","meta":{"footnotes":""},"_links":{"self":[{"href":"https:\/\/chorjugend-dietenhofen.de\/index.php?rest_route=\/wp\/v2\/pages\/31"}],"collection":[{"href":"https:\/\/chorjugend-dietenhofen.de\/index.php?rest_route=\/wp\/v2\/pages"}],"about":[{"href":"https:\/\/chorjugend-dietenhofen.de\/index.php?rest_route=\/wp\/v2\/types\/page"}],"author":[{"embeddable":true,"href":"https:\/\/chorjugend-dietenhofen.de\/index.php?rest_route=\/wp\/v2\/users\/6"}],"replies":[{"embeddable":true,"href":"https:\/\/chorjugend-dietenhofen.de\/index.php?rest_route=%2Fwp%2Fv2%2Fcomments&post=31"}],"version-history":[{"count":12,"href":"https:\/\/chorjugend-dietenhofen.de\/index.php?rest_route=\/wp\/v2\/pages\/31\/revisions"}],"predecessor-version":[{"id":206,"href":"https:\/\/chorjugend-dietenhofen.de\/index.php?rest_route=\/wp\/v2\/pages\/31\/revisions\/206"}],"up":[{"embeddable":true,"href":"https:\/\/chorjugend-dietenhofen.de\/index.php?rest_route=\/wp\/v2\/pages\/24"}],"wp:featuredmedia":[{"embeddable":true,"href":"https:\/\/chorjugend-dietenhofen.de\/index.php?rest_route=\/wp\/v2\/media\/66"}],"wp:attachment":[{"href":"https:\/\/chorjugend-dietenhofen.de\/index.php?rest_route=%2Fwp%2Fv2%2Fmedia&parent=31"}],"curies":[{"name":"wp","href":"https:\/\/api.w.org\/{rel}","templated":true}]}}

<h4 class="textbox" dir="ltr">Gegründet: 1998</h4>
<h4 class="textbox" dir="ltr">Hier ist das Singen ab dem 14. Lebensjahr möglich.</h4>
<h4 class="textbox" dir="ltr">Probezeiten: Altes Schloss Dietenhofen, Montag von 19.00 -21.00 Uhr</h4>
<h4 class="textbox" dir="ltr">Chorleitung: Veronika Kwapil</h4>
<h4 class="textbox" dir="ltr">Repertoire:</h4>
<h4 dir="ltr">Die Young Voices überzeugen seit vielen Jahren mit einer großen Bandbreite aus verschiedensten Musikrichtungen. Rhythmische, als auch mehrstimmige Herausforderungen stehen bei ihnen im Vordergrund. Neben einer mitreißenden Bühnenshow und energiegeladenen Choreographien zeichnet die Young Voices ein Teamgeist aus, der Voraussetzung für jeden Erfolg ist.</h4>

<p>Gegründet: 1998 Hier ist das Singen ab dem 14. Lebensjahr möglich. Probezeiten: Altes Schloss Dietenhofen, Montag von 19.00 -21.00 Uhr Chorleitung: Veronika Kwapil Repertoire: Die Young Voices überzeugen seit vielen [&hellip;]</p>
